{"id":551,"date":"2021-10-31T18:07:35","date_gmt":"2021-10-31T17:07:35","guid":{"rendered":"https:\/\/www.rwlp.be\/sosnumerique\/?page_id=551"},"modified":"2021-11-05T13:11:29","modified_gmt":"2021-11-05T12:11:29","slug":"je-recois-des-messages-etranges-une-arnaque-que-puis-je-faire","status":"publish","type":"page","link":"https:\/\/www.rwlp.be\/sosnumerique\/je-recois-des-messages-etranges-une-arnaque-que-puis-je-faire\/","title":{"rendered":"Je re\u00e7ois des messages \u00e9tranges, une arnaque? Que puis-je faire?"},"content":{"rendered":"\t\t<div data-elementor-type=\"wp-page\" data-elementor-id=\"551\" class=\"elementor elementor-551\">\n\t\t\t\t\t\t<section class=\"elementor-section elementor-top-section elementor-element elementor-element-3f7d5077 elementor-hidden-tablet elementor-hidden-mobile elementor-section-boxed elementor-section-height-default elementor-section-height-default\" data-id=\"3f7d5077\" data-element_type=\"section\" data-e-type=\"section\">\n\t\t\t\t\t\t<div class=\"elementor-container elementor-column-gap-default\">\n\t\t\t\t\t<div class=\"elementor-column elementor-col-50 elementor-top-column elementor-element elementor-element-6c28b97f\" data-id=\"6c28b97f\" data-element_type=\"column\" data-e-type=\"column\">\n\t\t\t<div class=\"elementor-widget-wrap elementor-element-populated\">\n\t\t\t\t\t\t<div class=\"elementor-element elementor-element-30a16bbb elementor-widget elementor-widget-image\" data-id=\"30a16bbb\" data-element_type=\"widget\" data-e-type=\"widget\" data-widget_type=\"image.default\">\n\t\t\t\t<div class=\"elementor-widget-container\">\n\t\t\t\t\t\t\t\t\t\t\t\t\t\t\t<img fetchpriority=\"high\" decoding=\"async\" width=\"500\" height=\"500\" src=\"https:\/\/www.rwlp.be\/sosnumerique\/wp-content\/uploads\/2021\/11\/SOSnum_arnaque.png\" class=\"attachment-large size-large wp-image-638\" alt=\"\" srcset=\"https:\/\/www.rwlp.be\/sosnumerique\/wp-content\/uploads\/2021\/11\/SOSnum_arnaque.png 500w, https:\/\/www.rwlp.be\/sosnumerique\/wp-content\/uploads\/2021\/11\/SOSnum_arnaque-300x300.png 300w, https:\/\/www.rwlp.be\/sosnumerique\/wp-content\/uploads\/2021\/11\/SOSnum_arnaque-150x150.png 150w\" sizes=\"(max-width: 500px) 100vw, 500px\" \/>\t\t\t\t\t\t\t\t\t\t\t\t\t\t\t<\/div>\n\t\t\t\t<\/div>\n\t\t\t\t\t<\/div>\n\t\t<\/div>\n\t\t\t\t<div class=\"elementor-column elementor-col-50 elementor-top-column elementor-element elementor-element-7554af40\" data-id=\"7554af40\" data-element_type=\"column\" data-e-type=\"column\">\n\t\t\t<div class=\"elementor-widget-wrap elementor-element-populated\">\n\t\t\t\t\t\t<div class=\"elementor-element elementor-element-61f323bf elementor-widget elementor-widget-heading\" data-id=\"61f323bf\" data-element_type=\"widget\" data-e-type=\"widget\" data-widget_type=\"heading.default\">\n\t\t\t\t<div class=\"elementor-widget-container\">\n\t\t\t\t\t<h1 class=\"elementor-heading-title elementor-size-xl\">Je re\u00e7ois des messages \u00e9tranges, une arnaque? Que puis-je faire?<\/h1>\t\t\t\t<\/div>\n\t\t\t\t<\/div>\n\t\t\t\t\t<\/div>\n\t\t<\/div>\n\t\t\t\t\t<\/div>\n\t\t<\/section>\n\t\t\t\t<section class=\"elementor-section elementor-top-section elementor-element elementor-element-72c6ee4a elementor-section-boxed elementor-section-height-default elementor-section-height-default\" data-id=\"72c6ee4a\" data-element_type=\"section\" data-e-type=\"section\">\n\t\t\t\t\t\t<div class=\"elementor-container elementor-column-gap-default\">\n\t\t\t\t\t<div class=\"elementor-column elementor-col-100 elementor-top-column elementor-element elementor-element-3d2da56e\" data-id=\"3d2da56e\" data-element_type=\"column\" data-e-type=\"column\">\n\t\t\t<div class=\"elementor-widget-wrap elementor-element-populated\">\n\t\t\t\t\t\t<div class=\"elementor-element elementor-element-309d2220 elementor-hidden-desktop elementor-position-top elementor-widget elementor-widget-image-box\" data-id=\"309d2220\" data-element_type=\"widget\" data-e-type=\"widget\" data-widget_type=\"image-box.default\">\n\t\t\t\t<div class=\"elementor-widget-container\">\n\t\t\t\t\t<div class=\"elementor-image-box-wrapper\"><figure class=\"elementor-image-box-img\"><img decoding=\"async\" src=\"https:\/\/www.rwlp.be\/sosnumerique\/wp-content\/uploads\/elementor\/thumbs\/SOSnum_arnaque-r0c71n4x0vipw4moe016dpxif6u9khseg0sq15de9g.png\" title=\"SOSnum_arnaque\" alt=\"SOSnum_arnaque\" loading=\"lazy\" \/><\/figure><div class=\"elementor-image-box-content\"><h3 class=\"elementor-image-box-title\">Je re\u00e7ois des messages \u00e9tranges, une arnaque? Que puis-je faire?<\/h3><\/div><\/div>\t\t\t\t<\/div>\n\t\t\t\t<\/div>\n\t\t\t\t\t<\/div>\n\t\t<\/div>\n\t\t\t\t\t<\/div>\n\t\t<\/section>\n\t\t\t\t<section class=\"elementor-section elementor-top-section elementor-element elementor-element-7c1eb355 elementor-section-boxed elementor-section-height-default elementor-section-height-default\" data-id=\"7c1eb355\" data-element_type=\"section\" data-e-type=\"section\">\n\t\t\t\t\t\t<div class=\"elementor-container elementor-column-gap-default\">\n\t\t\t\t\t<div class=\"elementor-column elementor-col-100 elementor-top-column elementor-element elementor-element-1581f0c6\" data-id=\"1581f0c6\" data-element_type=\"column\" data-e-type=\"column\">\n\t\t\t<div class=\"elementor-widget-wrap\">\n\t\t\t\t\t\t\t<\/div>\n\t\t<\/div>\n\t\t\t\t\t<\/div>\n\t\t<\/section>\n\t\t\t\t<section class=\"elementor-section elementor-top-section elementor-element elementor-element-43eb33e6 elementor-section-height-min-height elementor-section-boxed elementor-section-height-default elementor-section-items-middle\" data-id=\"43eb33e6\" data-element_type=\"section\" data-e-type=\"section\">\n\t\t\t\t\t\t<div class=\"elementor-container elementor-column-gap-default\">\n\t\t\t\t\t<div class=\"elementor-column elementor-col-100 elementor-top-column elementor-element elementor-element-65fe3623\" data-id=\"65fe3623\" data-element_type=\"column\" data-e-type=\"column\">\n\t\t\t<div class=\"elementor-widget-wrap elementor-element-populated\">\n\t\t\t\t\t\t<div class=\"elementor-element elementor-element-5accd796 elementor-grid-eael-col-4 elementor-grid-tablet-eael-col-2 elementor-grid-mobile-eael-col-1 elementor-widget elementor-widget-eael-post-grid\" data-id=\"5accd796\" data-element_type=\"widget\" data-e-type=\"widget\" data-settings=\"{&quot;eael_post_grid_columns&quot;:&quot;eael-col-4&quot;,&quot;eael_post_grid_columns_tablet&quot;:&quot;eael-col-2&quot;,&quot;eael_post_grid_columns_mobile&quot;:&quot;eael-col-1&quot;}\" data-widget_type=\"eael-post-grid.default\">\n\t\t\t\t<div class=\"elementor-widget-container\">\n\t\t\t\t\t<div id=\"eael-post-grid-5accd796\" class=\"eael-post-grid-container\">\n            <div class=\"eael-post-grid eael-post-appender eael-post-appender-5accd796 eael-post-grid-style-one\" data-layout-mode=\"masonry\"><article class=\"eael-grid-post  eael-post-grid-column eael-pg-post-766 category-payer-enligne-arnaques-preserver-appareil\" data-id=\"766\">\n        <div class=\"eael-grid-post-holder\">\n            <div class=\"eael-grid-post-holder-inner\"><div class=\"eael-entry-wrapper\"><header class=\"eael-entry-header\"><h2 class=\"eael-entry-title\"><a class=\"eael-grid-post-link\" href=\"https:\/\/www.rwlp.be\/sosnumerique\/preserver-appareil\/766\/\" title=\"Je souhaite avoir des conseils pour s\u00e9curiser mon appareil\">Je souhaite avoir des conseils pour s\u00e9curiser mon appareil<\/a><\/h2><\/header><div class=\"eael-entry-content\">\n                        <div class=\"eael-grid-post-excerpt\"><a href=\"https:\/\/www.rwlp.be\/sosnumerique\/preserver-appareil\/766\/\" class=\"eael-post-elements-readmore-btn\">Lire la ressource<\/a><\/div>\n                    <\/div><div class=\"eael-entry-footer\"><div class=\"eael-author-avatar\"><a href=\"https:\/\/www.rwlp.be\/sosnumerique\/author\/rwlp2021\/\"><\/a><\/div><div class=\"eael-entry-meta\"><\/div><\/div><\/div><\/div>\n        <\/div>\n    <\/article><article class=\"eael-grid-post  eael-post-grid-column eael-pg-post-172 category-arnaques-preserver-appareil\" data-id=\"172\">\n        <div class=\"eael-grid-post-holder\">\n            <div class=\"eael-grid-post-holder-inner\"><div class=\"eael-entry-wrapper\"><header class=\"eael-entry-header\"><h2 class=\"eael-entry-title\"><a class=\"eael-grid-post-link\" href=\"https:\/\/www.rwlp.be\/sosnumerique\/preserver-appareil\/172\/\" title=\"Je souhaite effectuer une mise \u00e0 jour de mon ordinateur\">Je souhaite effectuer une mise \u00e0 jour de mon ordinateur<\/a><\/h2><\/header><div class=\"eael-entry-content\">\n                        <div class=\"eael-grid-post-excerpt\"><a href=\"https:\/\/www.rwlp.be\/sosnumerique\/preserver-appareil\/172\/\" class=\"eael-post-elements-readmore-btn\">Lire la ressource<\/a><\/div>\n                    <\/div><div class=\"eael-entry-footer\"><div class=\"eael-author-avatar\"><a href=\"https:\/\/www.rwlp.be\/sosnumerique\/author\/rwlp2021\/\"><\/a><\/div><div class=\"eael-entry-meta\"><\/div><\/div><\/div><\/div>\n        <\/div>\n    <\/article><article class=\"eael-grid-post  eael-post-grid-column eael-pg-post-170 category-arnaques-preserver-appareil\" data-id=\"170\">\n        <div class=\"eael-grid-post-holder\">\n            <div class=\"eael-grid-post-holder-inner\"><div class=\"eael-entry-wrapper\"><header class=\"eael-entry-header\"><h2 class=\"eael-entry-title\"><a class=\"eael-grid-post-link\" href=\"https:\/\/www.rwlp.be\/sosnumerique\/preserver-appareil\/170\/\" title=\"Je souhaite installer un antivirus et en savoir plus sur la s\u00e9curit\u00e9 de mon appareil\">Je souhaite installer un antivirus et en savoir plus sur la s\u00e9curit\u00e9 de mon appareil<\/a><\/h2><\/header><div class=\"eael-entry-content\">\n                        <div class=\"eael-grid-post-excerpt\"><a href=\"https:\/\/www.rwlp.be\/sosnumerique\/preserver-appareil\/170\/\" class=\"eael-post-elements-readmore-btn\">Lire la ressource<\/a><\/div>\n                    <\/div><div class=\"eael-entry-footer\"><div class=\"eael-author-avatar\"><a href=\"https:\/\/www.rwlp.be\/sosnumerique\/author\/rwlp2021\/\"><\/a><\/div><div class=\"eael-entry-meta\"><\/div><\/div><\/div><\/div>\n        <\/div>\n    <\/article><article class=\"eael-grid-post  eael-post-grid-column eael-pg-post-169 category-arnaques\" data-id=\"169\">\n        <div class=\"eael-grid-post-holder\">\n            <div class=\"eael-grid-post-holder-inner\"><div class=\"eael-entry-wrapper\"><header class=\"eael-entry-header\"><h2 class=\"eael-entry-title\"><a class=\"eael-grid-post-link\" href=\"https:\/\/www.rwlp.be\/sosnumerique\/arnaques\/169\/\" title=\"Exemples d\u2019arnaques en ligne et conseils\">Exemples d\u2019arnaques en ligne et conseils<\/a><\/h2><\/header><div class=\"eael-entry-content\">\n                        <div class=\"eael-grid-post-excerpt\"><a href=\"https:\/\/www.rwlp.be\/sosnumerique\/arnaques\/169\/\" class=\"eael-post-elements-readmore-btn\">Lire la ressource<\/a><\/div>\n                    <\/div><div class=\"eael-entry-footer\"><div class=\"eael-author-avatar\"><a href=\"https:\/\/www.rwlp.be\/sosnumerique\/author\/rwlp2021\/\"><\/a><\/div><div class=\"eael-entry-meta\"><\/div><\/div><\/div><\/div>\n        <\/div>\n    <\/article><article class=\"eael-grid-post  eael-post-grid-column eael-pg-post-168 category-arnaques\" data-id=\"168\">\n        <div class=\"eael-grid-post-holder\">\n            <div class=\"eael-grid-post-holder-inner\"><div class=\"eael-entry-wrapper\"><header class=\"eael-entry-header\"><h2 class=\"eael-entry-title\"><a class=\"eael-grid-post-link\" href=\"https:\/\/www.rwlp.be\/sosnumerique\/arnaques\/168\/\" title=\"J&rsquo;ai entendu parler de &lsquo;logiciel malveillant&rsquo;, je veux en savoir plus\">J&rsquo;ai entendu parler de &lsquo;logiciel malveillant&rsquo;, je veux en savoir plus<\/a><\/h2><\/header><div class=\"eael-entry-content\">\n                        <div class=\"eael-grid-post-excerpt\"><a href=\"https:\/\/www.rwlp.be\/sosnumerique\/arnaques\/168\/\" class=\"eael-post-elements-readmore-btn\">Lire la ressource<\/a><\/div>\n                    <\/div><div class=\"eael-entry-footer\"><div class=\"eael-author-avatar\"><a href=\"https:\/\/www.rwlp.be\/sosnumerique\/author\/rwlp2021\/\"><\/a><\/div><div class=\"eael-entry-meta\"><\/div><\/div><\/div><\/div>\n        <\/div>\n    <\/article><article class=\"eael-grid-post  eael-post-grid-column eael-pg-post-164 category-arnaques tags-arnaque-fraude-publicite-securite\" data-id=\"164\">\n        <div class=\"eael-grid-post-holder\">\n            <div class=\"eael-grid-post-holder-inner\"><div class=\"eael-entry-wrapper\"><header class=\"eael-entry-header\"><h2 class=\"eael-entry-title\"><a class=\"eael-grid-post-link\" href=\"https:\/\/www.rwlp.be\/sosnumerique\/arnaques\/164\/\" title=\"Je voudrais conna\u00eetre les astuces pour \u00eatre vigilant vis-\u00e0-vis des arnaques\">Je voudrais conna\u00eetre les astuces pour \u00eatre vigilant vis-\u00e0-vis des arnaques<\/a><\/h2><\/header><div class=\"eael-entry-content\">\n                        <div class=\"eael-grid-post-excerpt\"><a href=\"https:\/\/www.rwlp.be\/sosnumerique\/arnaques\/164\/\" class=\"eael-post-elements-readmore-btn\">Lire la ressource<\/a><\/div>\n                    <\/div><div class=\"eael-entry-footer\"><div class=\"eael-author-avatar\"><a href=\"https:\/\/www.rwlp.be\/sosnumerique\/author\/rwlp2021\/\"><\/a><\/div><div class=\"eael-entry-meta\"><\/div><\/div><\/div><\/div>\n        <\/div>\n    <\/article><\/div>\n            <div class=\"clearfix\"><\/div>\n        <\/div>\t\t\t\t<\/div>\n\t\t\t\t<\/div>\n\t\t\t\t<div class=\"elementor-element elementor-element-4a9c0644 elementor-widget elementor-widget-spacer\" data-id=\"4a9c0644\" data-element_type=\"widget\" data-e-type=\"widget\" data-widget_type=\"spacer.default\">\n\t\t\t\t<div class=\"elementor-widget-container\">\n\t\t\t\t\t\t\t<div class=\"elementor-spacer\">\n\t\t\t<div class=\"elementor-spacer-inner\"><\/div>\n\t\t<\/div>\n\t\t\t\t\t\t<\/div>\n\t\t\t\t<\/div>\n\t\t\t\t\t<\/div>\n\t\t<\/div>\n\t\t\t\t\t<\/div>\n\t\t<\/section>\n\t\t\t\t<\/div>\n\t\t","protected":false},"excerpt":{"rendered":"<p>Je re\u00e7ois des messages \u00e9tranges, une arnaque? Que puis-je faire? Je re\u00e7ois des messages \u00e9tranges, une arnaque? Que puis-je faire? En construction! Lire la ressource<\/p>\n","protected":false},"author":1,"featured_media":0,"parent":0,"menu_order":0,"comment_status":"closed","ping_status":"closed","template":"elementor_header_footer","meta":{"footnotes":""},"class_list":["post-551","page","type-page","status-publish","hentry"],"_links":{"self":[{"href":"https:\/\/www.rwlp.be\/sosnumerique\/wp-json\/wp\/v2\/pages\/551","targetHints":{"allow":["GET"]}}],"collection":[{"href":"https:\/\/www.rwlp.be\/sosnumerique\/wp-json\/wp\/v2\/pages"}],"about":[{"href":"https:\/\/www.rwlp.be\/sosnumerique\/wp-json\/wp\/v2\/types\/page"}],"author":[{"embeddable":true,"href":"https:\/\/www.rwlp.be\/sosnumerique\/wp-json\/wp\/v2\/users\/1"}],"replies":[{"embeddable":true,"href":"https:\/\/www.rwlp.be\/sosnumerique\/wp-json\/wp\/v2\/comments?post=551"}],"version-history":[{"count":10,"href":"https:\/\/www.rwlp.be\/sosnumerique\/wp-json\/wp\/v2\/pages\/551\/revisions"}],"predecessor-version":[{"id":666,"href":"https:\/\/www.rwlp.be\/sosnumerique\/wp-json\/wp\/v2\/pages\/551\/revisions\/666"}],"wp:attachment":[{"href":"https:\/\/www.rwlp.be\/sosnumerique\/wp-json\/wp\/v2\/media?parent=551"}],"curies":[{"name":"wp","href":"https:\/\/api.w.org\/{rel}","templated":true}]}}